
In base 7, what is -2213 - -540?
-1343
In base 5, what is -1 - -40343433?
40343432
In base 7, what is 45016 + -2?
45014
In base 14, what is -396 - 95?
-44b
In base 2, what is 101100001011010 - 1?
101100001011001
In base 12, what is -4 + -2501?
-2505
In base 12, what is -5 - 200452?
-200457
In base 13, what is -11 - 1063?
-1074
In base 7, what is 144031 + 0?
144031
In base 12, what is -189a5 - 4?
-189a9
In base 3, what is -1212102101 + -10?
-1212102111
In base 2, what is -10101 + 1001100100?
1001001111
In base 15, what is 68 - 1c3?
-15a
In base 15, what is 7 - 689ba?
-689b3
In base 5, what is 10 - 444423?
-444413
In base 3, what is 10112 + -111020200?
-111010011
In base 4, what is 3 + 10310000?
10310003
In base 14, what is -94797 - -6?
-94791
In base 5, what is -222 - 12132?
-12404
In base 5, what is -132224 - -2?
-132222
In base 7, what is -44505 + 2?
-44503
In base 7, what is 2516 + -20?
2466
In base 4, what is -102 - -10213112?
10213010
In base 16, what is -4 + -d?
-11
In base 5, what is 143413213 + 3?
143413221
In base 12, what is 129 - 170?
-43
In base 3, what is 101110122120 + -12?
101110122101
In base 4, what is 212310201 - 13?
212310122
In base 12, what is -12 - 227?
-239
In base 12, what is -186 - -a06?
840
In base 12, what is -47 + 6b0?
665
In base 5, what is 1 + 42242140?
42242141
In base 14, what is -4 - -51089?
51085
In base 11, what is 3481 - 33?
3449
In base 12, what is 1898a2 - 0?
1898a2
In base 16, what is 63 - 188a?
-1827
In base 8, what is 0 - 762361?
-762361
In base 15, what is 37299 - 4?
37295
In base 2, what is 10110110100 - -1000000?
10111110100
In base 2, what is 11100010000 - -1000?
11100011000
In base 7, what is 312610 + 4?
312614
In base 4, what is 213 - -30211122?
30212001
In base 5, what is -20310340 + -3?
-20310343
In base 2, what is -110110111010 + 101000000?
-110001111010
In base 11, what is -2 + -234443?
-234445
In base 2, what is -10 + -10001011011?
-10001011101
In base 9, what is 0 + -108067?
-108067
In base 4, what is 1102 - 13101233?
-13100131
In base 11, what is 79a8 + -7?
79a1
In base 13, what is -2 - 9a188?
-9a18a
In base 2, what is -1000110110 - 11101101?
-1100100011
In base 14, what is -880a + -1?
-880b
In base 13, what is -239c2 - 5?
-239c7
In base 15, what is 8459 - -a?
8464
In base 10, what is 5 - 2330?
-2325
In base 14, what is 1398 - -2?
139a
In base 10, what is -330160 - -5?
-330155
In base 2, what is 10100011000001001 + 101010?
10100011000110011
In base 14, what is 18 - c3a?
-c22
In base 8, what is 121074 + -5?
121067
In base 8, what is -12 + 15364?
15352
In base 9, what is 136 + -18430?
-18283
In base 9, what is -13015586 - -5?
-13015581
In base 4, what is -31 - 3333?
-10030
In base 6, what is -5 + -130421?
-130430
In base 7, what is -4 + 6451405?
6451401
In base 6, what is -3244 - -112?
-3132
In base 3, what is 10 - 22102202221?
-22102202211
In base 16, what is -3da + 3c?
-39e
In base 4, what is 113330003 + 11?
113330020
In base 3, what is 102021 + 212112220?
212222011
In base 11, what is 390 - 7?
384
In base 3, what is -102 + -211100120?
-211100222
In base 10, what is 31310 - 15?
31295
In base 13, what is c98 + -5?
c93
In base 5, what is 432230 + -4?
432221
In base 8, what is -105 - -1550?
1443
In base 11, what is 589 - 0?
589
In base 14, what is -7 - -602b?
6024
In base 7, what is 1045 - -2215?
3263
In base 14, what is -8 - 513aa?
-513b4
In base 2, what is -10010011111000100111 + -100?
-10010011111000101011
In base 3, what is 1 + -121001002?
-121001001
In base 6, what is 530 - 10553?
-10023
In base 5, what is 2 + -10401030?
-10401023
In base 12, what is 32a34 + -1b?
32a15
In base 3, what is -102201 + 1000000220?
222121012
In base 9, what is -105854 - -6?
-105847
In base 8, what is 457311 + 4?
457315
In base 6, what is -24430010 + 1?
-24430005
In base 11, what is -1 + 79775?
79774
In base 16, what is 2 - b3306?
-b3304
In base 3, what is 11002 + -22120120?
-22102111
In base 11, what is -144a0 + -3?
-144a3
In base 2, what is -1 + -111000100011101010?
-111000100011101011
In base 15, what is 4ba0 + -4?
4b9b
In base 2, what is 11010110 + 1001101010?
1101000000
In base 9, what is 14 + -4245?
-4231
In base 9, what is -5 + -117760?
-117765
In base 14, what is 29 - 3641?
-3616
In base 8, what is 71 + 613?
704
In base 2, what is -1000010010001000001 - -11?
-1000010010000111110
In base 9, what is -851 - -23?
-827
In base 15, what is cc44 - -7?
cc4b
In base 5, what is 10441 + -3241?
2200
In base 4, what is 2001200 - -1?
2001201
In base 14, what is 2 + -164019?
-164017
In base 2, what is -110110 - 101010001101?
-101011000011
In base 9, what is 107 + -7215?
-7107
In base 5, what is 0 - 1014341?
-1014341
In base 12, what is -36 + 20085?
2004b
In base 9, what is 70 + -2148?
-2068
In base 16, what is -24b2d - 2?
-24b2f
In base 11, what is -308162 + -5?
-308167
In base 13, what is 5 - -9723?
9728
In base 14, what is -1710 + ca?
-1624
In base 10, what is -263 + -9?
-272
In base 11, what is -68454 - -8?
-68447
In base 14, what is 412 + -4c?
3a4
In base 15, what is -6391 - -5?
-638b
In base 13, what is cb4051 + 5?
cb4056
In base 3, what is -101120221211 - -10?
-101120221201
In base 8, what is 5 - -12045?
12052
In base 13, what is -100 - 3729?
-3829
In base 14, what is 2175 - -82?
2217
In base 13, what is -2423 - -66?
-238a
In base 12, what is 639 + 1a1?
81a
In base 12, what is 222a56 + -2?
222a54
In base 15, what is -5 + -31dc9?
-31dce
In base 14, what is 14 + -4889?
-4875
In base 15, what is 430 - -86?
4b6
In base 5, what is 10240100 - -43?
10240143
In base 6, what is -2 - 1201010?
-1201012
In base 14, what is 7 - -bac0?
bac7
In base 11, what is 172 + 8?
17a
In base 14, what is -5 - -7556?
7551
In base 8, what is 14765 + -63?
14702
In base 9, what is -2 - -338606?
338604
In base 5, what is 204034 + -21?
204013
In base 10, what is 366 - -12?
378
In base 6, what is 2152 - 21?
2131
In base 6, what is -411412 - 4?
-411420
In base 16, what is 4 + -eb?
-e7
In base 11, what is 6442a - -4?
64433
In base 6, what is 22 - 10532?
-10510
In base 10, what is 9568 + 109?
9677
In base 10, what is -2 + 32291?
32289
In base 12, what is 5 - 116908?
-116903
In base 8, what is 50 + 12462?
12532
In base 10, what is 6 - -1206?
1212
In base 3, what is -122012112 - 10?
-122012122
In base 11, what is 38 + -1132?
-10a5
In base 8, what is 127 - 1652?
-1523
In base 11, what is 14a953 + -2?
14a951
In base 14, what is bd2 + 18b?
d7d
In base 15, what is 672 + -ac?
5b5
In base 12, what is 292 + -4?
28a
In base 14, what is 5 + 3ca92?
3ca97
In base 2, what is -11000000001110110 + -1?
-11000000001110111
In base 14, what is -2302 - -137?
-21a9
In base 5, what is -10133 + -120?
-10303
In base 9, what is -4 + -5144?
-5148
In base 16, what is -3f79 + 2b?
-3f4e
In base 7, what is -2 + 255431?
255426
In base 13, what is 1b + 1555?
1573
In base 13, what is 2221 + 78?
2299
In base 2, what is -1000011111110111100001 + -1?
-1000011111110111100010
In base 16, what is -2c + -43b9?
-43e5
In base 11, what is -24768 - -3?
-24765
In base 16, what is -7 + -23da?
-23e1
In base 4, what is 10221003211 + 2?
10221003213
In base 16, what is -1 - 17b9?
-17ba
In base 16, what is -2 + -5056?
-5058
In base 3, what is -1 + 10102000022?
10102000021
In base 7, what is -3332 - 1334?
-4666
In base 4, what is 100210332 - 3?
100210323
In base 16, what is -2f2b + 0?
-2f2b
In base 3, what is -2012100012110 + -12?
-2012100012122
In base 10, what is 1767 + 17?
1784
In base 3, what is 202012 - -200?
202212
In base 12, what is 16586b - -2?
165871
In base 9, what is 276 - -1018?
1305
In base 2, what is 1110 - -11101011101010010?
11101011101100000
In base 8, what is -41530 - -2?
-41526
In base 5, what is 21 - 301010?
-300434
In base 5, what is -1202432 - 2?
-1202434
In base 14, what is 20 - 161?
-141
In base 6, what is 13 - -533540?
533553
In base 16, what is -3c34 - 1b?
-3c4f
In base 4, what is -3 + -231230122?
-231230131
In base 12, what is 2 + -12362a?
-123628
In base 11, what is -212 + -40?
-252
In base 15, what is b + -aa7d?
-aa72
In base 3, what is -2012222002021 + 0?
-2012222002021
In base 2, what is 1011111 - -101100?
10001011
In base 3, what is -202001201021 + -1?
-202001201022
In base 16, what is -41f5 - -10?
-41e5
In base 14, what is -a70d - -10?
-a6dd
In base 6, what is 1